of h**4/4 - 5*h**3/3 - 3*h**2 + 6*h + 3. Let v be k(6). Calculate the highest common divisor of v and 42.
6
Suppose -12 = -2*g - 3*j, -g + 0*g - 4 = -j. Suppose -2*x + 56 + 14 = g. What is the greatest common divisor of x and 7?
7
Suppose 1512 = 24*d - 0*d. Calculate the greatest common divisor of d and 1449.
63
Let g be (-7)/35 + 28/(-10). Let y be (-4)/(-3)*g/(-2). Suppose -y*b - 2*b = -96. Calculate the greatest common divisor of 8 and b.
8
Suppose -27*t + 65*t - 874 = 0. What is the greatest common divisor of t and 2?
1
Suppose 7*l - 5*l - 70 = -2*m, -5*l = -4*m + 104. Suppose -d + 496 = d. Calculate the highest common factor of d and m.
31
Suppose w - a = 15, -2*w - 2*a = 2*a. What is the greatest common factor of w and 4?
2
Suppose -3*z - 4*m = -2*m - 10, -5*z = -m + 5. Suppose z*h + h = 13. Suppose 0 = p - 69 + 4. Calculate the highest common divisor of h and p.
13
Let l be (44/2)/(-4 + 7 + -1). Suppose 11*s - 733 - 114 = 0. What is the greatest common divisor of s and l?
11
Let w(d) = -d**2 + 11*d + 29. Let j be w(10). What is the highest common divisor of j and 91?
13
Let v(j) = -3*j + 440. Let s be v(-8). Calculate the greatest common divisor of s and 29.
29
Suppose 7*f + 623 = 1820. Let x = 30 - 21. Calculate the greatest common factor of f and x.
9
Let y(n) = n - n + 2*n - n. Let h be y(10). Calculate the greatest common divisor of h and 4.
2
Suppose 0 = -12*q + 334 + 818. What is the highest common divisor of q and 16?
16
Suppose 0 = 4*m - 4*t - 136, -4*m - 3*t = -109 + 1. Suppose s - 2*q + q = 4, -3*s - 3*q = -m. Calculate the greatest common divisor of 14 and s.
7
Let y(c) = 37*c**2 + 15*c + 8. Let b be y(-5). What is the highest common divisor of b and 78?
78
Let u be -8*(-1)/(-4) - -74. Calculate the highest common divisor of 32 and u.
8
Let r(a) = a**3 + 4*a**2 - 4*a + 4. Let l be r(-4). Let b(k) = k**3 - 17*k**2 + 17*k - 239. Let u be b(17). What is the greatest common factor of l and u?
10
Suppose -7*m + 3*m + 576 = 0. Suppose -z = -4*z + 72. Suppose 6 = -r + z. What is the greatest common divisor of m and r?
18
Let f be (-5474)/(-10) + -8 - 2/5. What is the greatest common divisor of f and 49?
49
Let m be 2/(-10) - 32/(-10). Suppose p + 52 = m*p. Suppose 5*k = l + 32, 4*k = 3*l + p + 4. What is the highest common factor of k and 66?
6
Let h(a) = 3*a**3 - 4*a**2 + 6*a - 5. Let p be h(5). What is the highest common divisor of p and 84?
12
Let j be 1/4 - 19/(-4). Let m(f) = -10 + 5 - j + f**2. Let q be m(-10). What is the greatest common divisor of 10 and q?
10
Suppose -4*g - 32 = -2*a, 3*a - 24 = 5*g + 22. Suppose -a*i - 360 = -17*i. Suppose -5*d = -0*d - 45. Calculate the highest common factor of i and d.
9
Let s(n) = -6*n - 20. Let z = -6 + 1. Let p(l) = -5*l - 20. Let a(m) = z*p(m) + 4*s(m). Let t be a(-6). Calculate the highest common factor of 112 and t.
14
Suppose -3*l = c - 1, 2*c + 3 + 6 = 5*l. Let z be 1*(5 - (-1 + l)). Let a = -888 + 893. What is the highest common divisor of z and a?
5
Let d = 106 + -62. Suppose 0 = 2*q + 5*z - 11, -5*q + 4*z + 0*z + d = 0. Calculate the highest common divisor of 12 and q.
4
Suppose 456 = 4*i + 2*i. Let d = 2 + i. Suppose -d = -5*w + 57. Calculate the greatest common factor of 9 and w.
9
Suppose -4*f + 329 = 121. Let z be (-39)/f - (-15)/4. Let i = -2 - -8. Calculate the highest common divisor of i and z.
3
Suppose -12*p = -11*p - 56. Suppose -390 = p*n - 61*n. What is the greatest common factor of n and 52?
26
Let y(c) = c**3 + 14*c**2 + 2*c + 5. Let v be y(-5). What is the greatest common divisor of v and 44?
44
Suppose 2545 = 5*d - 2*r + 175, 932 = 2*d - 4*r. What is the greatest common divisor of 68 and d?
68
Let g(x) = x**3 + 12*x**2 + 18*x - 2. Let a be g(-10). What is the greatest common factor of a and 99?
9
Suppose -2*d + 612 = 4*m, -44*d + 48*d + 162 = m. Let u = -14 - -36. Calculate the greatest common factor of u and m.
22
Let b = -41 + 113. What is the greatest common factor of 36 and b?
36
Let t(z) = -z**2 + 8*z + 2. Let w be t(6). Let r = 35 + 35. Calculate the highest common factor of r and w.
14
Suppose 11646 = 20*p + 2646. What is the greatest common factor of 144 and p?
18
Suppose g + 27 = 5*g + i, -49 = -3*g + 5*i. Suppose -p - 1512 = -g*p. What is the greatest common divisor of p and 24?
24
Let w(a) = 10*a**2 - 2*a - 6. Let s be w(-4). Let t = -3 - -21. Let g = t - 0. What is the greatest common divisor of g and s?
18
Suppose -15 + 21 = -3*z, 2*m + 4 = -5*z. Calculate the greatest common factor of m and 129.
3
Suppose 71*j - w = 68*j + 132, 0 = -5*j - 5*w + 220. What is the highest common factor of j and 363?
11
Let w(p) = p + 11. Let j be w(-11). Suppose -2*n + j*n + 70 = 0. Suppose 5*k + 0*r - 67 = -r, 5 = k + 3*r. Calculate the highest common factor of n and k.
7
Let i = -128 - -133. Let u = 40 - 39. What is the highest common divisor of u and i?
1
Let a = -1172 - -1242. Calculate the highest common divisor of a and 42.
14
Let h be ((-6)/(-10))/((-6)/(-3030)). Suppose k + 96 = h. Let f = -102 + k. What is the highest common divisor of f and 15?
15
Let z(s) = 57*s - 270. Let x be z(6). What is the greatest common factor of x and 198?
18
Let m be (3/(-12))/((-7)/28). Let t be m - (-4)/8*0. What is the greatest common factor of t and 11?
1
Let t(j) = 89*j - 14. Let l be t(1). Let h = l - 69. Let u be 27*2*1/3. What is the highest common divisor of h and u?
6
Suppose 0 = 5*f + 4*z + 2851, 5*f - 3*z = -z - 2827. Let v be (2/(-3))/(21/f). Calculate the highest common factor of 45 and v.
9
Let u be 435/23 - 24/(-276). Calculate the highest common divisor of u and 114.
19
Suppose -3*b + 2*s = -310, 0 = 4*b - 4*s - 105 - 307. Suppose 12 = 2*j - 14. What is the highest common factor of j and b?
13
Let x(s) = 60*s - 88. Let p be x(3). Calculate the highest common divisor of p and 644.
92
Let v(c) = -c**3 + 4*c**2 - c + 2. Let s = 0 + 2. Let p = s + 0. Let h be v(p). What is the greatest common divisor of h and 24?
8
Suppose -2*c - 8 = -4*c. Suppose c*x + 281 = -115. Let k be 1 + 2 + (0 - x). What is the greatest common factor of 17 and k?
17
Suppose -45 = -y + 3*b + b, -3*y + b = -91. What is the highest common divisor of y and 261?
29
Let j(i) = -4 + 8*i**2 + 4 - 4*i - 3*i - i**3 - 2. Let m be j(3). What is the highest common divisor of 2 and m?
2
Let a = 770 - 746. What is the greatest common divisor of 3144 and a?
24
Let w be -2*4/16*(6 + -10). What is the highest common factor of 21 and w?
1
Suppose -2 + 12 = 5*x. Suppose 0 = 5*q + 3*v - 74, x*q + v - 62 = -2*q. Suppose 4*u - 18 = -2. Calculate the highest common divisor of u and q.
4
Let t(x) = -x**3 + 4*x + 5. Let k be t(-2). Suppose a = -k*a + 72. Calculate the highest common divisor of 60 and a.
12
Let k be 10/(-2 - 60/(-25)). Suppose 0 = r - 105 - 20. What is the greatest common divisor of k and r?
25
Suppose -2*h - 9 = -3*h - 2*m, 0 = -4*h + 3*m + 3. Suppose -3 = -2*b + h*b. Let w be 130*(15/(-6) - b). What is the greatest common divisor of w and 13?
13
Suppose -2*z + 45 = q, 3*z + 5*q - 78 = -0*q. Calculate the highest common factor of 21 and z.
21
Suppose -4*s + 4 = -p, 5*p - 6*p = 3*s - 17. Calculate the greatest common factor of 15 and p.
1
Let h(v) = v**3 - 3*v**2 - 4*v - 2. Let k be h(5). Let j = k - 21. Calculate the greatest common divisor of j and 49.
7
Let w(y) = 108*y**2 - 11*y - 11. Let i be w(-1). Calculate the greatest common factor of 8 and i.
4
Let z be 2 - (6 + (3 - 3)). Let h(a) = -5*a - 4. Let w be h(z). Suppose -3*c + 49 + 143 = 0. Calculate the highest common factor of c and w.
16
Let a be (-11)/33 + (-2)/(-6). Suppose 94 = 4*j - 3*j + i, -4*j - 3*i + 372 = a. Calculate the highest common factor of 60 and j.
30
Suppose 8*t - 2*t = 102. Let n be (5/4)/(2/136). Calculate the greatest common factor of t and n.
17
Suppose 0 = 4*f + 10 - 34. Let r = f + -14. Let i be ((-3)/1)/(r/24). What is the greatest common factor of i and 3?
3
Suppose 11*s - 513 = -161. Calculate the highest common factor of s and 144.
16
Suppose 2*n - 2*b = 98, -4*n = -n + b - 167. Calculate the highest common factor of 10 and n.
2
Let a = -1438 + 1564. What is the highest common divisor of 280 and a?
14
Let k = -4 + 6. Suppose -40 = -0*v - 2*v + 4*l, l + 40 = k*v. Calculate the highest common factor of v and 10.
1